{"id":89,"date":"2025-03-27T16:54:18","date_gmt":"2025-03-27T16:54:18","guid":{"rendered":"https:\/\/siapatam.com\/?page_id=89"},"modified":"2026-02-27T20:48:39","modified_gmt":"2026-02-27T20:48:39","slug":"sevac-2025","status":"publish","type":"page","link":"https:\/\/siapatam.com\/index.php\/sevac-2025\/","title":{"rendered":"SEVAC 2025"},"content":{"rendered":"<p><strong>Estados Presupuestales<\/strong><\/p>\n<p><a href=\"https:\/\/siapatam.com\/wp-content\/uploads\/2026\/02\/ES59271.pdf\">Estado anal\u00edtico del ejercicio del presupuesto de egresos en clasificaci\u00f3n administrativa (armonizado)<\/a><br \/>\n<a href=\"https:\/\/siapatam.com\/wp-content\/uploads\/2026\/02\/ESTADO2.pdf\">Estado anal\u00edtico del ejercicio del presupuesto de egresos en clasificaci\u00f3n econ\u00f3mica (armonizado)<\/a><br \/>\n<a href=\"https:\/\/siapatam.com\/wp-content\/uploads\/2026\/02\/ESTADO1.pdf\">Estado anal\u00edtico del ejercicio del presupuesto de egresos en clasificaci\u00f3n funcional-program\u00e1tica<\/a><br \/>\n<a href=\"https:\/\/siapatam.com\/wp-content\/uploads\/2026\/02\/ESTADO4.pdf\">Estado anal\u00edtico del ejercicio del presupuesto de egresos en clasificaci\u00f3n por objeto del gasto (armonizado)<\/a><br \/>\n<a href=\"https:\/\/siapatam.com\/wp-content\/uploads\/2026\/02\/Estado-Analitico-de-Ingresos.pdf\">Estado anal\u00edtico del ingreso<\/a><\/p>\n<p><strong>Estados Financieros<\/strong><\/p>\n<p><a href=\"https:\/\/siapatam.com\/wp-content\/uploads\/2026\/02\/Estado-de-Situacion-Financiera.pdf\">Estado de situaci\u00f3n financiera<\/a><br \/>\n<a href=\"https:\/\/siapatam.com\/wp-content\/uploads\/2026\/02\/Estado-de-Actividades.pdf\">Estado de actividades<\/a><br \/>\n<a href=\"https:\/\/siapatam.com\/wp-content\/uploads\/2026\/02\/Estado-de-Cambio-de-Situacion-Financiera.pdf\">Estado de cambios en la situaci\u00f3n financiera<\/a><br \/>\n<a href=\"https:\/\/siapatam.com\/wp-content\/uploads\/2026\/02\/Estado-de-Variacion-en-la-Hacienda-Publica.pdf\">Estado de variaci\u00f3n en la hacienda p\u00fablica<\/a><br \/>\n<a href=\"https:\/\/siapatam.com\/wp-content\/uploads\/2026\/02\/Estado-Analitico-de-Activo.pdf\">Estado anal\u00edtico del activo<\/a><br \/>\n<a href=\"https:\/\/siapatam.com\/wp-content\/uploads\/2026\/02\/Informe-Analitico-de-la-Deuda-Publica-y-Otros-Pasivos-LDF.pdf\">Estado anal\u00edtico de la deuda y otros pasivos<\/a><br \/>\n<a href=\"https:\/\/siapatam.com\/wp-content\/uploads\/2026\/02\/Estado-de-Flujos-de-Efecivo.pdf\">Estado de flujos de efectivo<\/a><\/p>\n<p><strong>Patrimonio del ente p\u00fablico<\/strong><\/p>\n<p><a href=\"https:\/\/siapatam.com\/wp-content\/uploads\/2026\/02\/Relacion-Bienes-Muebles-1.pdf\">Relaci\u00f3n de Bienes Muebles<\/a><\/p>\n<p>Relaci\u00f3n de Bienes Inmuebles<\/p>\n<p>&nbsp;<\/p>\n<p><a href=\"https:\/\/siapatam.com\/wp-content\/uploads\/2026\/02\/Informe-Sobre-Pasivos-Contingentes.pdf\"><strong>Informe de Pasivos Contingentes<\/strong><\/a><\/p>\n<p><a href=\"https:\/\/siapatam.com\/wp-content\/uploads\/2026\/02\/Notas-Estados-Financieros.pdf\"><strong>Notas a los Estados Financieros<\/strong><\/a><\/p>\n","protected":false},"excerpt":{"rendered":"<p>Estados Presupuestales Estado anal\u00edtico del ejercicio del presupuesto de egresos en clasificaci\u00f3n administrativa (armonizado) Estado anal\u00edtico del ejercicio del presupuesto de egresos en clasificaci\u00f3n econ\u00f3mica (armonizado) Estado anal\u00edtico del ejercicio &#8230;<\/p>\n","protected":false},"author":1,"featured_media":0,"parent":0,"menu_order":0,"comment_status":"closed","ping_status":"closed","template":"","meta":{"footnotes":""},"class_list":["post-89","page","type-page","status-publish","hentry"],"_links":{"self":[{"href":"https:\/\/siapatam.com\/index.php\/wp-json\/wp\/v2\/pages\/89","targetHints":{"allow":["GET"]}}],"collection":[{"href":"https:\/\/siapatam.com\/index.php\/wp-json\/wp\/v2\/pages"}],"about":[{"href":"https:\/\/siapatam.com\/index.php\/wp-json\/wp\/v2\/types\/page"}],"author":[{"embeddable":true,"href":"https:\/\/siapatam.com\/index.php\/wp-json\/wp\/v2\/users\/1"}],"replies":[{"embeddable":true,"href":"https:\/\/siapatam.com\/index.php\/wp-json\/wp\/v2\/comments?post=89"}],"version-history":[{"count":4,"href":"https:\/\/siapatam.com\/index.php\/wp-json\/wp\/v2\/pages\/89\/revisions"}],"predecessor-version":[{"id":483,"href":"https:\/\/siapatam.com\/index.php\/wp-json\/wp\/v2\/pages\/89\/revisions\/483"}],"wp:attachment":[{"href":"https:\/\/siapatam.com\/index.php\/wp-json\/wp\/v2\/media?parent=89"}],"curies":[{"name":"wp","href":"https:\/\/api.w.org\/{rel}","templated":true}]}}