{"id":216,"date":"2025-03-30T23:02:55","date_gmt":"2025-03-30T23:02:55","guid":{"rendered":"https:\/\/siapatam.com\/?page_id=216"},"modified":"2025-04-01T16:50:06","modified_gmt":"2025-04-01T16:50:06","slug":"estructura-organica","status":"publish","type":"page","link":"https:\/\/siapatam.com\/index.php\/estructura-organica\/","title":{"rendered":"Estructura Organica"},"content":{"rendered":"<p><strong><a href=\"https:\/\/siapatam.com\/wp-content\/uploads\/2025\/03\/MANUAL-DE-ORGANIZACION-SIAPATAM.pdf\" target=\"_blank\" rel=\"noopener\">Manual Organizacional\u00a0<\/a>\u00a0 \u00a0 \u00a0 <a href=\"https:\/\/siapatam.com\/wp-content\/uploads\/2025\/03\/REGLAMENTO-OPD-TAMAZULA-2019-1.pdf\" target=\"_blank\" rel=\"noopener\">Reglamento del organismo<\/a>\u00a0 \u00a0 \u00a0<a href=\"https:\/\/siapatam.com\/wp-content\/uploads\/2025\/03\/Organigrama-1-1.pdf\" target=\"_blank\" rel=\"noopener\">Organigrama<\/a><\/strong><\/p>\n<table width=\"749\">\n<tbody>\n<tr>\n<td width=\"362\">\n<h4><strong>Cargo<\/strong><\/h4>\n<\/td>\n<td width=\"387\">\n<h4><strong>Nombre<\/strong><\/h4>\n<\/td>\n<\/tr>\n<tr>\n<td width=\"362\">Director General<\/td>\n<td width=\"387\">\u00c1ngel Barbosa Madriz<\/td>\n<\/tr>\n<tr>\n<td width=\"362\">Secretaria<\/td>\n<td width=\"387\">Mar\u00eda de Jes\u00fas Contreras Elizondo<\/td>\n<\/tr>\n<tr>\n<td width=\"362\">Responsable de Cultura del Agua y Comunicaci\u00f3n Social<\/td>\n<td width=\"387\">Luis Alberto Guti\u00e9rrez Mendoza<\/td>\n<\/tr>\n<tr>\n<td width=\"362\">Responsable de Jur\u00eddico y Transparencia<\/td>\n<td width=\"387\">Gabriela Mart\u00ednez Garc\u00eda<\/td>\n<\/tr>\n<tr>\n<td width=\"362\">Jefe del \u00c1rea Comercial<\/td>\n<td width=\"387\">Juan Jos\u00e9 Mart\u00ednez Gaspar<\/td>\n<\/tr>\n<tr>\n<td width=\"362\">Auxiliar de Control de Usuarios<\/td>\n<td width=\"387\">Cristian Garc\u00eda Barbosa<\/td>\n<\/tr>\n<tr>\n<td width=\"362\">Auxiliar de Facturaci\u00f3n Cobranza<\/td>\n<td width=\"387\">Itati Monserrat Venegas Mart\u00ednez<\/td>\n<\/tr>\n<tr>\n<td width=\"362\">Inspector, Lecturista Notificador<\/td>\n<td width=\"387\">Ver\u00f3nica Meza Huerta<\/td>\n<\/tr>\n<tr>\n<td width=\"362\">Jefe del \u00c1rea T\u00e9cnica<\/td>\n<td width=\"387\">Juan Manuel Contreras Ma a\u00f1a<\/td>\n<\/tr>\n<tr>\n<td width=\"362\">Operador de Pipa<\/td>\n<td width=\"387\">Fabian Torres Ram\u00edrez<\/td>\n<\/tr>\n<tr>\n<td width=\"362\">Fontanero<\/td>\n<td width=\"387\">Juan Torres Ram\u00edrez<\/p>\n<p>J. Jes\u00fas Llamas Rodr\u00edguez<\/p>\n<p>Javier Llamas Rodr\u00edguez<\/p>\n<p>Jos\u00e9 Julio Cazarez Alcaraz<\/p>\n<p>Jos\u00e9 Ch\u00e1vez Mart\u00ednez<\/p>\n<p>Armando Hern\u00e1ndez P\u00e9rez<\/p>\n<p>Antonio de Jes\u00fas Var as Garc\u00eda<\/td>\n<\/tr>\n<tr>\n<td width=\"362\">Jefe del \u00c1rea Administrativa<\/td>\n<td width=\"387\">Mar\u00eda Guadalupe Jalomo Bernabe<\/td>\n<\/tr>\n<tr>\n<td width=\"362\">Auxiliar Administrativo<\/td>\n<td width=\"387\">Brian Guadalupe C\u00e1rdenas Villalobos<\/td>\n<\/tr>\n<tr>\n<td width=\"362\">Intendencia<\/td>\n<td width=\"387\">Ofelia Mart\u00ednez Lorenzo<\/td>\n<\/tr>\n<tr>\n<td width=\"362\">Auxiliar Contable<\/td>\n<td width=\"387\">Laura Judith Santos Urbano<\/td>\n<\/tr>\n<tr>\n<td width=\"362\">Cajero<\/td>\n<td width=\"387\">Nahomi Montserrat Luna Ruiz<\/td>\n<\/tr>\n<\/tbody>\n<\/table>\n<p>&nbsp;<\/p>\n<h4><\/h4>\n<p>&nbsp;<\/p>\n<p>&nbsp;<\/p>\n<p>&nbsp;<\/p>\n","protected":false},"excerpt":{"rendered":"<p>Manual Organizacional\u00a0\u00a0 \u00a0 \u00a0 Reglamento del organismo\u00a0 \u00a0 \u00a0Organigrama Cargo Nombre Director General \u00c1ngel Barbosa Madriz Secretaria Mar\u00eda de Jes\u00fas Contreras Elizondo Responsable de Cultura del Agua y Comunicaci\u00f3n Social &#8230;<\/p>\n","protected":false},"author":1,"featured_media":0,"parent":0,"menu_order":0,"comment_status":"closed","ping_status":"closed","template":"","meta":{"footnotes":""},"class_list":["post-216","page","type-page","status-publish","hentry"],"_links":{"self":[{"href":"https:\/\/siapatam.com\/index.php\/wp-json\/wp\/v2\/pages\/216","targetHints":{"allow":["GET"]}}],"collection":[{"href":"https:\/\/siapatam.com\/index.php\/wp-json\/wp\/v2\/pages"}],"about":[{"href":"https:\/\/siapatam.com\/index.php\/wp-json\/wp\/v2\/types\/page"}],"author":[{"embeddable":true,"href":"https:\/\/siapatam.com\/index.php\/wp-json\/wp\/v2\/users\/1"}],"replies":[{"embeddable":true,"href":"https:\/\/siapatam.com\/index.php\/wp-json\/wp\/v2\/comments?post=216"}],"version-history":[{"count":6,"href":"https:\/\/siapatam.com\/index.php\/wp-json\/wp\/v2\/pages\/216\/revisions"}],"predecessor-version":[{"id":297,"href":"https:\/\/siapatam.com\/index.php\/wp-json\/wp\/v2\/pages\/216\/revisions\/297"}],"wp:attachment":[{"href":"https:\/\/siapatam.com\/index.php\/wp-json\/wp\/v2\/media?parent=216"}],"curies":[{"name":"wp","href":"https:\/\/api.w.org\/{rel}","templated":true}]}}